{"id":162,"date":"2011-09-26T12:17:55","date_gmt":"2011-09-26T11:17:55","guid":{"rendered":"http:\/\/silent.org.pl\/home\/"},"modified":"2011-09-26T12:17:55","modified_gmt":"2011-09-26T11:17:55","slug":"o-mnie","status":"publish","type":"page","link":"https:\/\/silent.org.pl\/home\/o-mnie\/","title":{"rendered":"O mnie"},"content":{"rendered":"<p><b>W Budowie.<\/b><br \/>\nKiedy\u015b tutaj co\u015b napisz\u0119. Wr\u00f3\u0107 niebawem.<\/p>\n","protected":false},"excerpt":{"rendered":"<p>W Budowie. Kiedy\u015b tutaj co\u015b napisz\u0119. Wr\u00f3\u0107 niebawem.<\/p>\n","protected":false},"author":1,"featured_media":0,"parent":0,"menu_order":0,"comment_status":"open","ping_status":"open","template":"","meta":{"footnotes":""},"_links":{"self":[{"href":"https:\/\/silent.org.pl\/home\/wp-json\/wp\/v2\/pages\/162"}],"collection":[{"href":"https:\/\/silent.org.pl\/home\/wp-json\/wp\/v2\/pages"}],"about":[{"href":"https:\/\/silent.org.pl\/home\/wp-json\/wp\/v2\/types\/page"}],"author":[{"embeddable":true,"href":"https:\/\/silent.org.pl\/home\/wp-json\/wp\/v2\/users\/1"}],"replies":[{"embeddable":true,"href":"https:\/\/silent.org.pl\/home\/wp-json\/wp\/v2\/comments?post=162"}],"version-history":[{"count":1,"href":"https:\/\/silent.org.pl\/home\/wp-json\/wp\/v2\/pages\/162\/revisions"}],"predecessor-version":[{"id":163,"href":"https:\/\/silent.org.pl\/home\/wp-json\/wp\/v2\/pages\/162\/revisions\/163"}],"wp:attachment":[{"href":"https:\/\/silent.org.pl\/home\/wp-json\/wp\/v2\/media?parent=162"}],"curies":[{"name":"wp","href":"https:\/\/api.w.org\/{rel}","templated":true}]}}